{"id":2,"date":"2016-05-10T03:48:21","date_gmt":"2016-05-10T03:48:21","guid":{"rendered":"http:\/\/wop.beauty-oase-hgw.com\/?page_id=2"},"modified":"2026-03-26T07:52:29","modified_gmt":"2026-03-26T06:52:29","slug":"sample-page","status":"publish","type":"page","link":"https:\/\/www.beauty-oase-hgw.com\/","title":{"rendered":""},"content":{"rendered":"\n<p class=\"has-medium-font-size\"><\/p>\n\n\n<div class=\"wp-block-image\">\n<figure class=\"aligncenter size-large\"><img loading=\"lazy\" decoding=\"async\" width=\"576\" height=\"1024\" src=\"https:\/\/www.beauty-oase-hgw.com\/wp-content\/uploads\/2026\/03\/WhatsApp-Image-2026-03-17-at-13.18.14-576x1024.jpeg\" alt=\"\" class=\"wp-image-1070\" srcset=\"https:\/\/www.beauty-oase-hgw.com\/wp-content\/uploads\/2026\/03\/WhatsApp-Image-2026-03-17-at-13.18.14-576x1024.jpeg 576w, https:\/\/www.beauty-oase-hgw.com\/wp-content\/uploads\/2026\/03\/WhatsApp-Image-2026-03-17-at-13.18.14-169x300.jpeg 169w, https:\/\/www.beauty-oase-hgw.com\/wp-content\/uploads\/2026\/03\/WhatsApp-Image-2026-03-17-at-13.18.14-768x1365.jpeg 768w, https:\/\/www.beauty-oase-hgw.com\/wp-content\/uploads\/2026\/03\/WhatsApp-Image-2026-03-17-at-13.18.14-864x1536.jpeg 864w, https:\/\/www.beauty-oase-hgw.com\/wp-content\/uploads\/2026\/03\/WhatsApp-Image-2026-03-17-at-13.18.14.jpeg 1116w\" sizes=\"auto, (max-width: 576px) 85vw, 576px\" \/><\/figure>\n<\/div>\n\n\n\n<\/p>\n<p>Sie suchen Ruhe und Entspannung?<br \/>Sie wollen dem Alltag entfliehen?<br \/>Sie m\u00f6chten einmal f\u00fcr\u00a0Ihre pers\u00f6nliche Auszeit im Mittelpunkt stehen?<br \/>oder<br \/>Sie m\u00f6chten einen lieben Menschen in Ihrem Leben mit einem Gutschein gl\u00fccklich machen.<!--more--><\/p>\n<p>Dann sind Sie hier genau richtig.<\/p>\n<p>Schauen Sie sich um, suchen Sie ihre Wunschbehandlung aus und vereinbaren Sie einen Termin f\u00fcr Ihre pers\u00f6nliche Wohlf\u00fchlzeit in meinem Massage- &amp; Kosmetikstudio.<\/p>\n<p>Ich freue mich auf Sie.<\/p>\n<p>Ihre Jacqueline Stridde<\/p>","protected":false},"excerpt":{"rendered":"<p>Sie suchen Ruhe und Entspannung?Sie wollen dem Alltag entfliehen?Sie m\u00f6chten einmal f\u00fcr\u00a0Ihre pers\u00f6nliche Auszeit im Mittelpunkt stehen?oderSie m\u00f6chten einen lieben Menschen in Ihrem Leben mit einem Gutschein gl\u00fccklich machen.<\/p>\n","protected":false},"author":1,"featured_media":0,"parent":0,"menu_order":0,"comment_status":"closed","ping_status":"open","template":"","meta":{"_themeisle_gutenberg_block_has_review":false,"footnotes":""},"class_list":["post-2","page","type-page","status-publish","hentry"],"_links":{"self":[{"href":"https:\/\/www.beauty-oase-hgw.com\/index.php?rest_route=\/wp\/v2\/pages\/2","targetHints":{"allow":["GET"]}}],"collection":[{"href":"https:\/\/www.beauty-oase-hgw.com\/index.php?rest_route=\/wp\/v2\/pages"}],"about":[{"href":"https:\/\/www.beauty-oase-hgw.com\/index.php?rest_route=\/wp\/v2\/types\/page"}],"author":[{"embeddable":true,"href":"https:\/\/www.beauty-oase-hgw.com\/index.php?rest_route=\/wp\/v2\/users\/1"}],"replies":[{"embeddable":true,"href":"https:\/\/www.beauty-oase-hgw.com\/index.php?rest_route=%2Fwp%2Fv2%2Fcomments&post=2"}],"version-history":[{"count":56,"href":"https:\/\/www.beauty-oase-hgw.com\/index.php?rest_route=\/wp\/v2\/pages\/2\/revisions"}],"predecessor-version":[{"id":1073,"href":"https:\/\/www.beauty-oase-hgw.com\/index.php?rest_route=\/wp\/v2\/pages\/2\/revisions\/1073"}],"wp:attachment":[{"href":"https:\/\/www.beauty-oase-hgw.com\/index.php?rest_route=%2Fwp%2Fv2%2Fmedia&parent=2"}],"curies":[{"name":"wp","href":"https:\/\/api.w.org\/{rel}","templated":true}]}}